 factors of (-4)/7 + 1368851/749?
3, 7, 29
Let l be (-13)/(52/168) + -2. Let i = -28 - l. Suppose -4*f + i = 0, 0*f = 4*r - f - 528. List the prime factors of r.
7, 19
Let g(o) = -116*o - 135. What are the prime factors of g(-39)?
3, 7, 11, 19
Let r be -1 + -1 - -1 - 25*-19. Suppose -5*q + 3322 = 6*q. Let b = r - q. What are the prime factors of b?
2, 43
List the prime factors of 8 - (-17)/(170/43830).
4391
What are the prime factors of (-737240)/(-42) - 7/63*3?
3, 5851
List the prime factors of -1 + 1 - (8 + -11) - (27 + -5015).
7, 23, 31
Let h = -212 - -218. Suppose -48 = -2*m - h. What are the prime factors of m?
3, 7
Let l(j) be the second derivative of j**4/6 + 3*j**3/2 - 17*j. Let t be l(-6). Let w = t - -69. What are the prime factors of w?
3, 29
Let u = 16832 - 9089. What are the prime factors of u?
3, 29, 89
Suppose 2*y - 4*i - 190 = -0*i, -6*y + i + 603 = 0. Let c = 715 + y. List the prime factors of c.
2, 3, 17
Let h be 2*593/4*(-16 - -14). Let n = -79 - h. List the prime factors of n.
2, 257
Suppose -12*j + 34*j - 51876 = 0. Suppose -4*d + 3*m = m - j, 5*m + 585 = d. What are the prime factors of d?
2, 5, 59
Let s(g) = -22. Let z(w) = -4*w + 23. Let r(p) = -4*s(p) - 3*z(p). Let t be (-2)/(6/(-4) + 1). What are the prime factors of r(t)?
67
Let g(i) = -7*i - 9. Suppose 5 - 93 = 8*k. Let u = k + 3. List the prime factors of g(u).
47
Let f be 0/((0 - -2)*1). Suppose -26 + 22 = -2*h. Suppose f*g - 2*d - 188 = -2*g, h*d - 302 = -3*g. List the prime factors of g.
2, 7
Suppose 63*c + 4268 = 69*c - 2*f, 0 = -4*f + 20. List the prime factors of c.
23, 31
Let a = -33 + 37. Suppose 2*z + t - 255 = 0, -a*t = -4*z + 791 - 251. List the prime factors of z.
2, 5, 13
Suppose 5*v - 4 + 69 = x, -v - 65 = -x. Let o be x/4 + (-3)/12. What are the prime factors of 31 + (-4)/o*0?
31
Suppose -7*z = 3*k - 8*z - 38, -6 = -k + 2*z. Suppose -4015 = -k*j + 4287. List the prime factors of j.
593
Let q(n) = n**3 - 15*n**2 - 6*n + 30. Let j be q(15). Suppose 0 = 4*y + y + 5*s + 1070, 0 = 3*s. Let d = j - y. What are the prime factors of d?
2, 7, 11
Let s(h) = 74*h**2 - 69*h + 653. What are the prime factors of s(12)?
47, 223
Suppose -5*i + 5572 + 1768 = n, 5*n + 2*i - 36700 = 0. List the prime factors of n.
2, 5, 367
List the prime factors of 1188/21*(4 + -4 + 175).
2, 3, 5, 11
Let w(z) = 6*z**2 - 10*z - 13. Let v(o) = -3*o**2 + 5*o + 6. Let m(j) = 5*v(j) + 3*w(j). Let t be ((-8)/(-5))/((-4)/10). List the prime factors of m(t).
59
Suppose 0 = 3*q - 100 + 109. List the prime factors of (q/(-9) + 1)/((-10)/(-1695)).
2, 113
Let b(h) = 112*h + 1429. What are the prime factors of b(31)?
13, 29
Let c(v) = 272*v + 60. Let i(d) = d + 4. Let f(a) = c(a) + 6*i(a). What are the prime factors of f(3)?
2, 3, 17
List the prime factors of 0 - 1 - ((-155879)/11 - 270/1485).
2, 5, 13, 109
Suppose -36*p + 127094 = -25*p. What are the prime factors of p?
2, 53, 109
Let s(d) = -2*d**2 - 8*d + 1. Let z be s(-3). What are the prime factors of (-2910)/(-14) + z*(-3)/(-147)?
2, 13
Suppose -3*d = -3*t + 26436, -124*t + 125*t = 2*d + 8808. List the prime factors of t.
2, 19, 29
Suppose -3*y = -4*f - 12111, -2*y - 2*f = -7*f - 8060. What are the prime factors of y?
5, 809
Suppose -4*w = -f - 3727, 4*w + 9*f - 4*f = 3733. Let z = 1559 - w. What are the prime factors of z?
3, 11, 19
Let x be 2*1 - (-112)/28. List the prime factors of 7125/x*6/5.
3, 5, 19
Let c = 4841 - -20413. List the prime factors of c.
2, 3, 23, 61
Let l be (-2)/(-5) + 68/(-20). Let x(c) = 4*c**2 - 4 + 5*c - 4*c**2 - 4*c**2 + 11*c**2 - 4*c**3 - 4*c**2. List the prime factors of x(l).
2, 29
Suppose 89 = -v - 2*r, 4*r - 103 - 204 = 3*v. What are the prime factors of (v/2 + 3)*-8?
2, 7, 13
Let z = -27211 + 38874. Suppose -20*i = -z - 13457. List the prime factors of i.
2, 157
Suppose b + q = 20798, -107*q + 112*q + 20792 = b. List the prime factors of b.
7, 2971
Suppose 61 = -o + 3*c, 19*o - 16*o + 147 = -3*c. Let y = 1617 - o. What are the prime factors of y?
1669
Let i(b) = -2161*b - 547. List the prime factors of i(-5).
2, 23, 223
Suppose -117713 = -17*f + 26379. List the prime factors of f.
2, 13, 163
Let n(x) = -17*x**3 + 553*x**2 + 4*x + 34. What are the prime factors of n(32)?
2, 3, 521
Suppose -4*j + 3*j + 336 = 4*o, 4*j - 265 = -3*o. Let a = o + 97. What are the prime factors of a?
2, 3, 5
Let b(l) = -3*l**2 + 52*l - 8. Let q = -187 - -196. List the prime factors of b(q).
7, 31
Let v = -265 - -492. Suppose -3*t = -x - 122 - v, -1405 = 4*x - 3*t. Let b = -177 - x. What are the prime factors of b?
5, 7
Let p(t) be the second derivative of 5*t**5/24 - 11*t**4/24 + 4*t**3/3 + 23*t. Let k(x) be the second derivative of p(x). List the prime factors of k(5).
2, 3, 19
Let d = 842 - 846. List the prime factors of 1*397 + -2*(-2)/d.
2, 3, 11
Suppose 0 = 10*b - 17*b + 28. Suppose -b*q + 663 + 265 = 0. List the prime factors of q.
2, 29
Let g be 1 + 2 - 18/18. Suppose -g*d + 515 = -183. List the prime factors of d.
349
Let m = -37 - -48. Let l(s) = 10 - 6 + m + s + 13. List the prime factors of l(-17).
11
Let z(b) = 4*b**2 - 103*b + 6630. List the prime factors of z(85).
3, 5, 7, 17
Let c be (1 - 4/(-2))*11. Let d be 315*(-2 - c/(-9)). Suppose -4*k + d = 177. List the prime factors of k.
3, 29
Let j be 19/(3/7 - (-3)/42). Let r = 30 - j. What are the prime factors of 4/2 + r/(-2)?
2, 3
Let q(c) = -233*c - 73. Let v be q(-8). Suppose 21*x = 11838 + v. What are the prime factors of x?
11, 59
Let q(u) = 7*u**2 - 14*u + 51. Let m be q(11). Let b = 1275 - m. What are the prime factors of b?
3, 59
Suppose 8*w - w = 56. Suppose 1079 = w*s - 361. What are the prime factors of s?
2, 3, 5
Let y be 2 - 36/14 - (-416)/91. Suppose y*l + 5*d - 19 = 2*l, 2 = 4*l - 2*d. Suppose -5 = -5*g + 5, -l*g = 4*u - 768. List the prime factors of u.
191
Suppose 2*t + v = -135, 4*v + 29 = -t - 21. Let x be 6 - (2/14 + (-16380)/98). Let s = x + t. What are the prime factors of s?
103
List the prime factors of (-1 + 727)*(-255)/(-5) - -3.
3, 12343
Let x = -47 - -75. Suppose -40 = 6*h - x. Let t(n) = -20*n**3 - n**2 + 4. List the prime factors of t(h).
2, 5
Suppose x - r - 2 = 0, -r - 2*r = 4*x - 15. Suppose 26 = -3*f - 2*j, j = -x*f - 2*j - 24. What are the prime factors of (-2779)/(-35) - (1 - (-6)/f)?
79
Let t(p) = -18*p - 11. Let f(z) = 17*z + 12. Let m(h) = 7*f(h) + 6*t(h). Suppose 0 = -3*u + 2*u + 9. List the prime factors of m(u).
3, 13
Suppose -52*k + 4973 = -73391. List the prime factors of k.
11, 137
Let x(d) = -238*d + 1201. What are the prime factors of x(-33)?
5, 1811
Let q(w) = -3*w**3 - 54*w**2 - 114*w - 203. List the prime factors of q(-24).
7, 19, 97
Suppose -t + 16715 = -3*o, -322*t + 5*o = -327*t + 83515. What are the prime factors of t?
2, 8353
Let s(c) = 3*c + 21. Let j be s(-9). Let p = -16 - j. What are the prime factors of p/(-5) - (-5)/(10/228)?
2, 29
Suppose -5*s + 77467 + 44178 = 0. What are the prime factors of s?
24329
Suppose -1220389 = -88*z + 636500 - 348129. List the prime factors of z.
3, 5, 127
Suppose -3*w - 81 = 5*b, -b = -w - 0*b - 19. Let n = w - -24. Suppose -2*m = -48 + n. What are the prime factors of m?
23
Let i(g) be the first derivative of g**2/2 - 19*g - 2. Let v be i(15). List the prime factors of (v/(-3))/(-4) + 485/15.
2
Let m(x) = 36*x + 174. Let h be m(25). Let y = -595 + h. What are the prime factors of y?
479
Suppose 32 = y + 4*p, -3*y = 2*p - p - 129. Let d = y - 13. Let t = 49 + d. What are the prime factors of t?
2, 5
Suppose -16*t - 168 = -472. Suppose 0 = -5*h - t*h + 21288. List the prime factors of h.
887
Let q(c) = 4*c**3 + 28*c**2 - 113*c + 34. List the prime factors of q(16).
2, 10889
Suppose 2*t + 2*j = 38, -j + 87 = 4*t + 5. List the prime factors of (-5 + -16)*(-434)/t.
2, 7, 31
Suppose -3434 = -r - x + 1708, 0 = 4*r - 3*x - 20561. List the prime factors of r.
53, 97
Suppose 0 = -z + 4*n - 128 + 512, -3*z = -3*n - 1152. Let m = -247 + z. List the prime factors of m.
137
Suppose 0 = 4*i - 5*v - 7162, 5*i + 4*v - 7898 = 993. What are the prime factors of i?
1783
Let v(h) = -13*h**3 + 2*h**2 + 25*h + 48. Let d(p) = -6*p**3 + 2*p**2 + 13*p + 24. Let s(c) = -7*d(c) + 4*v(c). List the prime factors of s(-4).
2, 7, 19
Suppose -31*w - 19316 = -2*g - 33*w, w + 19328 = 2*g. What are the prime fact